2*g, c*v - 12 = -2*g + 5*g. Suppose 0 = 4*k + 3*u - u - 2594, g = -2*k + 3*u + 1285. Is k prime?
True
Is 5 - -1 - 13895/(-1) a composite number?
False
Suppose 2*q - 14 = -2*f, -5*f - 4*q + 25 = -2*f. Suppose -47*h = -51*h - f*s + 35279, -4 = -4*s. Is h a composite number?
False
Suppose -4*q = -3*q - 3. Suppose -9 = -q*s - 0. Suppose -s*k = -0*m - 5*m + 494, 0 = 4*m + 5*k - 373. Is m a prime number?
True
Let o = 918752 - 593487. Is o a prime number?
False
Suppose -22055 = -5*y + 25025. Suppose -5*n - 4 + 44 = 5*a, -a + 5*n = -26. Suppose 3*r + y = a*r. Is r composite?
True
Suppose 4*i = 5*g + 6631, 10*i - 2*g - 3318 = 8*i. Let u = i + -706. Is (5 - 6)*u/(2/(-1)) prime?
True
Suppose 0 = 12*y - 10*y + 128. Let s = y + 67. Suppose -5*w + 3*q - 4*q = -1806, 0 = w - s*q - 374. Is w prime?
False
Suppose 0 = -2*j + 22*x - 26*x + 928894, -7*j + 3251291 = -4*x. Is j a composite number?
True
Let b = -163640 - -578559. Is b prime?
False
Let c(i) = -6*i + 3 + 5*i**2 + 10*i + 1. Let v be c(-1). Suppose 2*s = -v*n + 447, 3*s - 638 = 3*n - 4*n. Is s a composite number?
False
Suppose -18*y - 78*y - 55178 = -1510634. Is y composite?
False
Let z(p) be the third derivative of -48*p**4 - p**3/6 + p**2. Suppose 0 = -19*u + 6 - 25. Is z(u) a prime number?
True
Let q = 250 - 196. Suppose 55*d = q*d + 8069. Is d prime?
True
Suppose -30 = 18*v - 534. Is (4 - v/6)*12033/(-6) prime?
False
Let s(x) = -x**3 - 4*x**2 - 2*x + 2. Let w be s(-2). Let z(n) = -3127*n - 7. Is z(w) composite?
False
Suppose 9*v - 120 = 3*v. Let o = v - 44. Is o/6 + (1098 - -3) a prime number?
True
Suppose -5*o = -12*o + 8484. Suppose -3*x = 3*b - o, 2030 = 5*b + x + 2*x. Is b prime?
True
Let q = -82307 - -169230. Is q a composite number?
False
Let l = -824 + 77732. Suppose 8*p - 9148 - l = 0. Is p prime?
False
Let v = 43 + -39. Let a be 1/(11/v + -3). Is ((-137)/a)/(4*(-2)/(-64)) composite?
True
Let m(o) be the third derivative of 5*o**5/2 - o**4/4 + o**3 - 11*o**2. Let i be m(2). Suppose -i = -8*w + 294. Is w composite?
True
Let h = 22 - 17. Suppose h*c + 0*c = 3885. Suppose -3*u - 2*d + c = 0, 3*d + d = 2*u - 502. Is u a prime number?
True
Suppose 16*j - 9165194 = -29*j + 112771. Is j composite?
False
Let o(s) = -1567*s**3 - 18*s**2 - 19*s + 7. Is o(-6) a prime number?
False
Let m be (-9 + (7 - 4))*(-142)/(-3). Let h = m - -1641. Is h prime?
False
Is ((9/(-18))/(6/1735068))/((-2)/2) composite?
False
Suppose -36*w = -154*w + 20062478. Is w composite?
False
Suppose -50 = 2*u + 3*u - 4*c, 2*c = 0. Let s(x) = -x**3 - 5*x**2 + 10*x - 9. Is s(u) prime?
False
Suppose -299*b - 15500 = -294*b. Let v = 10533 + b. Is v a prime number?
True
Let j(d) = d**3 + 3*d**2 + d. Let t be j(-2). Let a = -1 + t. Let i(s) = 262*s + 1. Is i(a) a prime number?
True
Suppose 5*d - 2*u = 17, 2*d + 5*u = 2*u + 3. Suppose 0 = 5*h - 7*b + 2*b - 31945, h - 6389 = d*b. Is h composite?
False
Suppose -w - 3*m = -13386, -2*w + 26756 = -3*m + m. Let o = w - 8409. Is o a composite number?
True
Suppose 2*n + 9 - 27 = 0. Suppose 103*l + 31*l = 355368. Is -2 + l + n/(3*-1) composite?
False
Let x = 191578 - -80169. Is x composite?
True
Let h = -5873 + 9954. Suppose 2*v = 5*x - h - 1064, 0 = -4*x - 3*v + 4093. Is x a composite number?
True
Let r(q) = -2*q**3 - 10*q**2 - 14*q + 10. Let k be r(-14). Suppose -n - 2*p + 1490 = n, -k = -5*n + 4*p. Is n a composite number?
True
Let j be 9 + 2*4/(-8). Let k(b) = 599*b - 27. Let d be k(j). Suppose -7*z + 2*z + d = 0. Is z a prime number?
True
Let z(c) = -c**3 - 7*c**2 - c + 7. Suppose 15 = -3*t - 3. Let w be 50/t - 11/(-33). Is z(w) a composite number?
False
Is (((-87)/18 - -1) + 4)/(50/179843100) a prime number?
True
Let p(c) = 364*c**2 - 144*c - 2123. Is p(-14) a prime number?
True
Let t = -239 + 243. Suppose -t*f - 171346 = -18*f. Is f composite?
False
Suppose -4*m = 4*v - 16, 4*v + 0*v - 20 = -2*m. Suppose -8*p + 3482 = -v*p. Is p a prime number?
True
Suppose 4*d + 0*n - 2*n = -4, 4*n - 8 = -2*d. Suppose o - 3153 + 34 = d. Is o a prime number?
True
Let g = 36 + -31. Suppose -3*f = 3*v - 1305, -v + g*f - 30 + 435 = 0. Suppose 0 = n - 3*n - 2*k + 434, 3*k = -2*n + v. Is n a prime number?
False
Let p be (-2)/(-3) + 273450/90. Suppose -3*q + 4*b = -p, 0 = -5*b + 3*b - 6. Is q a prime number?
True
Is -103301*((-3)/1)/(33 - 30) composite?
True
Suppose 7*g = 26253 - 6590. Is g composite?
True
Let b(l) = l**3 + 60*l**2 - 130*l - 22. Is b(-61) prime?
False
Let d(f) = -2*f**3 + 14*f**2 - 34*f + 8. Let r be d(14). Let q = r + 4579. Let m = 5350 - q. Is m a prime number?
False
Suppose 0 = -3*z + 2364 - 564. Suppose 3*q + 4*u - 603 = 0, -q + 5*u = -4*q + z. Is q a composite number?
True
Suppose -5*l - 3*n + 31 = 0, 2*n + 18 = 3*l + 4*n. Suppose l*k - 4442 = 19542. Suppose 43*b = 45*b - k. Is b prime?
True
Suppose 16149 = 3*i - 4593. Is 2/(12/(-9) - i/(-5181)) a prime number?
False
Let t(a) = -4*a - 4. Let r be t(0). Let i be (r - (-8 - -4))/1. Suppose -6*j - 299 + 4343 = i. Is j composite?
True
Let f(z) = 300*z**3 + 5*z**2 + 4*z - 31. Let c be f(3). Suppose -c = -q + 3*y, 3*y - 21915 = -2*q - 5618. Is q composite?
True
Suppose 404201 = -134*g + 216874 + 5828861. Is g a prime number?
True
Suppose 0 = -47*d - 40*d + 5076578 + 11194771. Is d prime?
True
Let l be 25 + -22 + (-3)/(3/(-4)). Is (-24780)/(-3) + l/28*12 a prime number?
True
Let n = 138 - 130. Suppose n*j - 3663 = 8521. Is j composite?
False
Suppose 3*u + 0*u - 12 = 0. Let f = 11 + -92. Let a = u - f. Is a prime?
False
Let j(u) = 6*u**3 + 3*u**2 + 5*u - 9. Let d(k) = -13*k**3 - 5*k**2 - 10*k + 19. Let m(l) = -2*d(l) - 5*j(l). Let h = -945 + 938. Is m(h) composite?
True
Suppose 37*d = -405481 - 1022719. Let h = -25093 - d. Is h a composite number?
True
Let o be 2 + 0/(-1) + (-112)/(-14). Is 14212/2 + -13 + o composite?
False
Let z(q) = q + 8. Let g(s) = s - 1. Let i(n) = -g(n) - z(n). Let j be i(-6). Suppose -j*r + 24 = -611. Is r prime?
True
Suppose 41*j - 1340704 = 23*j + 1171898. Is j a composite number?
False
Suppose 0 = -21*n + 6*n + 135. Is 11282/3 - (-3)/n composite?
False
Let u be 5/9 + (-48928)/72. Let v be (-2)/5 + (-10156)/10. Let z = u - v. Is z prime?
True
Let s be (-6)/(-15) + (-234)/(-65). Let t(d) = 145*d**2 - 2*d + 15. Is t(s) composite?
True
Let k = 7532 + -4396. Suppose 0*i - 4*i + 8888 = 0. Let t = k - i. Is t prime?
False
Suppose 83*o = -4092814 + 26018675. Is o composite?
False
Let a(q) be the first derivative of -7*q**2 - 3/4*q**4 - 7 - 17*q - 4*q**3. Is a(-8) composite?
False
Is ((-679)/(-194))/((-28)/(-1880728)) a composite number?
False
Is 52/(-208) + 87162/8 a prime number?
False
Let r be (740/30)/(1 + 14/(-18)). Suppose -113*t = -r*t - 16. Is 61*t/10*5/2 composite?
True
Let r = 22 - 24. Let w be 170*1/(r/(-11)). Suppose -2*k + w = -459. Is k a composite number?
True
Let s(b) be the third derivative of -b**6/120 + b**5/2 + b**4 - 5*b**3/3 + 33*b**2. Let f be s(13). Suppose 0*d + f = 5*d. Is d a composite number?
True
Let m be (-2)/(-3) - (-388)/(-12)*-46. Suppose 3*g - k = 12, -4*k = g + g - 8. Suppose g*l - 6268 = m. Is l a composite number?
True
Suppose -1 = r, -7*u + 3*r + 710488 = -2*u. Is u prime?
True
Suppose 7*z - 3*z - 380 = -4*m, 0 = -2*z - 4*m + 190. Let u = z - 104. Is (-6)/u - 1058/(-6) composite?
True
Suppose 3*z - 5421823 = -5*c, 2*c - 141*z - 2168730 = -142*z. Is c a prime number?
True
Let p(s) = -1195*s + 246. Is p(-43) composite?
False
Let p = 169 - -1105. Suppose -3*k + 97 = -p. Let v = k - 38. Is v a prime number?
True
Suppose -2*i - 5*a = -15, 4*i + a + 3*a = 12. Suppose -k + 215 + 1596 = -4*r, -5*k - 2*r + 9121 = i. Is k a composite number?
False
Let x be ((-105)/36 - 2/6)*-4. Let i(f) = -x*f + 12*f**2 - 3*f**2 - 4 - 10*f**2 - 2. Is i(-5) prime?
False
Let k(t) = t**2 - 59*t - 7. Let c be k(17). Let p = -38 - c. Is p a prime number?
True
Let y(h) be the first derivative of -9*h**4/2 - 19*h**3/6 - 13*h**2 - 41. Let c(z) be the second derivative of y(z). Is c(-6) a prime number?
False
Let y(t) = 938*t + 96. Let r be y(26). Let d = -15543 + r. Is d prime?
True
Let l = 18 - 6. Let j(u) = 5*u**2 + 7*u + 47. Is j(l) prime?
False
Is 397915/(-105)*(-1 - (-3 - -5)) a prime number?
True
Suppose -5*d = -4*d + 1702. Let h be (d/6 + -2)/((-2)/(-90)). Is 1*h*(-5 - (-42)/9) composite?
True
Let r = -67 + 74. Suppos